465836 a multiple of 46?
True
Is 893961499 a multiple of 9608?
False
Is 59931816 a multiple of 8?
True
Is 492 a factor of 126629146?
False
Is 12474 a factor of 2298457804?
False
Is 153229113 a multiple of 1011?
False
Is 23 a factor of 115159965?
True
Does 1380 divide 32335387?
False
Is 29 a factor of 124036127?
False
Does 5 divide 221208713?
False
Is 807052288 a multiple of 3584?
True
Is 39 a factor of 22436505?
True
Is 5135186 a multiple of 125?
False
Is 1548197945 a multiple of 34?
False
Is 651861539 a multiple of 3?
False
Is 22723347 a multiple of 19?
False
Does 5 divide 37107190?
True
Is 84765570 a multiple of 54?
False
Is 1182609055 a multiple of 91?
False
Does 1388 divide 166344860?
True
Is 48252402 a multiple of 297?
True
Does 247 divide 45481760?
False
Is 420031432 a multiple of 32?
False
Is 274363374 a multiple of 33?
False
Is 6033 a factor of 582691272?
True
Is 142 a factor of 2852488552?
False
Is 74 a factor of 77486880?
True
Does 1778 divide 3622701?
False
Does 30 divide 315602366?
False
Does 238 divide 5105787820?
True
Is 281244771 a multiple of 9?
True
Is 36225760 even?
True
Is 13 a factor of 1163873219?
False
Does 52 divide 3845504?
True
Does 112 divide 1263691486?
False
Is 189 a factor of 1258295665?
False
Is 484293084 a multiple of 22?
True
Is 1086956445 a multiple of 303?
True
Is 28511506 a multiple of 89?
True
Is 24205195 a multiple of 85?
True
Is 107767484 a multiple of 18?
False
Does 203 divide 23920373?
False
Is 7799361 a multiple of 10?
False
Is 29344800 a multiple of 48?
True
Is 958250790 a multiple of 3834?
True
Is 39611205 a multiple of 4966?
False
Is 82824610 a multiple of 418?
True
Is 7567 a factor of 1948181338?
False
Is 15 a factor of 20276126?
False
Does 85 divide 1154492421?
False
Does 141 divide 33989037?
True
Does 2133 divide 775339089?
False
Is 1210 a factor of 7704502?
False
Does 24 divide 4196446656?
True
Is 5495987122 a multiple of 86?
True
Does 11 divide 48810866?
False
Does 6 divide 178915758?
True
Is 390477696 a multiple of 48?
True
Does 1821 divide 138002664?
True
Is 399384458 a multiple of 23?
False
Is 266040146 a multiple of 439?
True
Does 2248 divide 12916964?
False
Does 13 divide 903063720?
True
Is 2905907 a multiple of 137?
True
Does 521 divide 158346430?
False
Does 2781 divide 1747882?
False
Does 58 divide 46906630?
True
Is 197 a factor of 45171312?
True
Is 37 a factor of 169583104?
False
Does 7 divide 139693087?
False
Does 134 divide 71041440?
True
Is 775179052 a multiple of 792?
False
Is 1642 a factor of 1003289914?
True
Is 34 a factor of 330989294?
False
Does 13 divide 814474959?
False
Does 189 divide 13607642?
False
Does 147 divide 435232896?
True
Is 1463290733 a multiple of 8?
False
Does 239 divide 2823712755?
False
Does 60 divide 63901139?
False
Is 5183 a factor of 836482043?
False
Is 30 a factor of 319748820?
True
Does 8 divide 3275706?
False
Is 236 a factor of 46023540?
True
Is 27605398 a multiple of 36?
False
Does 621 divide 10496142?
True
Is 105 a factor of 1878539032?
False
Is 167097424 a multiple of 2375?
False
Is 47 a factor of 4300735?
True
Is 10 a factor of 63939500?
True
Is 681818344 a multiple of 2983?
True
Is 1774632263 a multiple of 4079?
False
Does 92 divide 18470104?
True
Is 61 a factor of 9829925?
False
Is 1466 a factor of 396984004?
True
Is 433676103 a multiple of 411?
True
Is 682 a factor of 148352908?
False
Is 260353116 a multiple of 12?
True
Is 69 a factor of 291919?
False
Does 2834 divide 448988137?
False
Does 275 divide 419473837?
False
Is 45282966 a multiple of 1473?
True
Is 1466754807 a multiple of 74?
False
Is 959 a factor of 136478687?
False
Is 214 a factor of 4920495764?
False
Does 18 divide 115151796?
True
Does 1480 divide 534786160?
True
Is 42 a factor of 19703922?
True
Does 180 divide 3188297996?
False
Does 5 divide 7276040?
True
Is 4433605940 a multiple of 692?
True
Is 2848 a factor of 51680261?
False
Does 694 divide 2187388166?
False
Is 19 a factor of 8568987?
False
Is 545227 a multiple of 102?
False
Is 2068860 a multiple of 123?
True
Is 29899737 a multiple of 3?
True
Does 3482 divide 2643315249?
False
Does 38 divide 62682406?
True
Is 44517462 a multiple of 1286?
True
Is 725 a factor of 106163642?
False
Is 59591545 a multiple of 271?
True
Is 3575136 a multiple of 34?
False
Is 170787231 a multiple of 665?
False
Is 369 a factor of 10979226?
True
Is 473470740 a multiple of 765?
True
Does 709 divide 510579969?
True
Is 44 a factor of 191402457?
False
Is 33 a factor of 126359343?
True
Does 8 divide 935763381?
False
Is 419 a factor of 20982145?
False
Does 38 divide 2277571192?
True
Is 4 a factor of 4266012?
True
Does 4 divide 29496421?
False
Does 7 divide 596636519?
False
Is 21 a factor of 7837774?
False
Is 1244636100 a multiple of 6725?
True
Is 490037838 a multiple of 3?
True
Is 31 a factor of 45466026?
True
Is 12109 a factor of 6237043175?
True
Is 19082963 a multiple of 839?
False
Does 1046 divide 54385569?
False
Is 539 a factor of 95186847?
False
Is 65 a factor of 164568690?
True
Is 9 a factor of 177523362?
True
Is 59378880 a multiple of 176?
True
Does 2079 divide 957722200?
False
Is 9396062 a multiple of 338?
True
Does 52 divide 2056346134?
False
Is 470678905 a multiple of 544?
False
Is 65 a factor of 62796583?
False
Does 3 divide 11511369?
True
Is 1480256570 a multiple of 44?
False
Is 114815085 a multiple of 847?
True
Is 252298560 a multiple of 1776?
True
Is 1428419025 a multiple of 55?
True
Is 5 a factor of 633739543?
False
Is 1960 a factor of 33081264?
False
Is 22926867 a multiple of 627?
False
Is 2789161206 a multiple of 942?
True
Does 29 divide 1814234026?
True
Is 6568164 a multiple of 6?
True
Does 43 divide 1971455799?
False
Is 49515870 a multiple of 6?
True
Is 9890875 a multiple of 125?
True
Does 25 divide 57550525?
True
Does 49 divide 22176126?
True
Does 1352 divide 147887879?
False
Is 21458568 a multiple of 9?
False
Does 88 divide 364663728?
True
Does 54 divide 115400808?
True
Does 31 divide 43328929?
False
Is 259 a factor of 36963515?
False
Is 29 a factor of 50560137?
True
Is 491 a factor of 5478648?
False
Does 20 divide 94868192?
False
Is 2796 a factor of 1075033737?
False
Is 26 a factor of 1637053158?
True
Is 38 a factor of 1743043700?
False
Is 17 a factor of 7362938?
True
Is 26433275 a multiple of 16?
False
Is 4703357 a multiple of 26?
False
Is 3167 a factor of 430154608?
True
Is 324 a factor of 527622118?
False
Is 586578069 a multiple of 33?
True
Is 2680861920 a multiple of 20?
True
Is 10 a factor of 2024090052?
False
Does 39 divide 352766076?
True
Is 423 a factor of 217755883?
False
Is 1283426593 a multiple of 437?
False
Is 6519172 a multiple of 916?
True
Is 36988875 a multiple of 245?
True
Does 67 divide 37040141?
False
Is 27 a factor of 2126505069?
True
Is 8092200 a multiple of 6?
True
Does 285 divide 140414852?
False
Does 31 divide 2023441?
False
Is 160870653 a multiple of 927?
True
Is 18521264 a multiple of 4?
True
Is 3 a factor of 4560531?
True
Does 2130 divide 20298496?
False
Is 19871268 a multiple of 70?
False
Does 71 divide 201786544?
True
Is 386 a factor of 7997525?
False
Does 9 divide 615996504?
True
Does 59 divide 524956969?
False
Is 29373325 a multiple of 13?
False
Does 1664 divide 284022195?
False
Does 1208 divide 86086912?
True
Does 3 divide 5826183?
True
Does 861 divide 20379009?
True
Does 3850 divide 163509500?
True
Is 87 a factor of 21206461?
False
Is 2086 a factor of 73658746?
True
Is 3308635 a multiple of 19?
False
Is 14382560 a multiple of 40?
True
Does 12636 divide 3655228356?
True
Is 231494800 a multiple of 1565?
True
Is 34252581 a multiple of 801?
False
Does 13 divide 315310988?
False
Is 251979448 a multiple of 67?
False
Does 13 divide 569677778?
False
Does 29 divide 11612522?
False
Does 19 divide 1022218?
False
Is 47 a factor of 34704471?
True
Does 1268 divide 217524030?
False
Is 262554946 a multiple of 479?
False
Is 952 a factor of 95378024?
True
Is 1175 a factor of 222181101?
False
Is 125 a factor of 1459077325?
False
Is 4374217 a multiple of 55?
False
Is 123193434 a multiple of 26?
True
Is 31 a factor of 143357864?
False
Is 111 a factor of 158467638?
False
Is 22793929 a multiple of 477?
False
Is 1162 a factor of 357139538?
True
Does 43 divide 88357481?
False
Is 56 a factor of 219485583?
False
Is 332081967 a multiple